0 a factor of 54420?
True
Does 21 divide 57645?
True
Is 133 a factor of 14364?
True
Does 35 divide 1155?
True
Does 5 divide 18560?
True
Does 89 divide 3668?
False
Is 2530 a multiple of 33?
False
Is 58 a factor of 9317?
False
Is 24448 a multiple of 142?
False
Is 4 a factor of 122?
False
Is 445 a multiple of 22?
False
Is 1409 a multiple of 8?
False
Does 6 divide 43973?
False
Is 4075 a multiple of 25?
True
Is 52742 a multiple of 33?
False
Does 21 divide 28665?
True
Is 6 a factor of 1296?
True
Is 2628 a multiple of 36?
True
Is 30 a factor of 1035?
False
Does 69 divide 29049?
True
Does 36 divide 4681?
False
Is 3811 a multiple of 37?
True
Is 9 a factor of 136?
False
Does 7 divide 880?
False
Does 20 divide 34740?
True
Is 87138 a multiple of 18?
True
Is 9984 a multiple of 102?
False
Is 87 a factor of 61170?
False
Is 3 a factor of 2074?
False
Does 84 divide 8971?
False
Is 15050 a multiple of 35?
True
Is 51 a factor of 371?
False
Does 13 divide 2586?
False
Does 7 divide 5377?
False
Is 38 a factor of 14562?
False
Is 142 a multiple of 12?
False
Is 14 a factor of 896?
True
Does 15 divide 2041?
False
Is 71 a multiple of 3?
False
Is 18 a factor of 756?
True
Is 792 a multiple of 11?
True
Is 20 a factor of 100?
True
Is 112 a factor of 4371?
False
Is 17868 a multiple of 21?
False
Is 7 a factor of 5012?
True
Does 22 divide 6688?
True
Is 12 a factor of 226?
False
Is 129 a factor of 57258?
False
Is 61473 a multiple of 69?
False
Is 13 a factor of 2033?
False
Is 23 a factor of 598?
True
Is 60 a factor of 7740?
True
Is 4001 a multiple of 40?
False
Does 21 divide 504?
True
Does 7 divide 653?
False
Is 37368 a multiple of 54?
True
Is 25 a factor of 99950?
True
Is 104 a factor of 6525?
False
Does 36 divide 710?
False
Does 33 divide 5444?
False
Is 1081 a multiple of 68?
False
Is 666 a multiple of 18?
True
Is 14 a factor of 106?
False
Does 19 divide 1628?
False
Is 11548 a multiple of 8?
False
Is 12312 a multiple of 108?
True
Is 15 a factor of 60?
True
Is 3 a factor of 24?
True
Does 9 divide 11287?
False
Is 8 a factor of 29752?
True
Is 10 a factor of 14099?
False
Is 778 a multiple of 23?
False
Is 2 a factor of 5487?
False
Is 18 a factor of 414?
True
Is 7 a factor of 2634?
False
Is 14504 a multiple of 19?
False
Does 33 divide 2145?
True
Is 41 a multiple of 6?
False
Is 4588 a multiple of 74?
True
Does 17 divide 80461?
True
Does 8 divide 103?
False
Is 588 a multiple of 21?
True
Is 127249 a multiple of 56?
False
Does 34 divide 4284?
True
Is 19 a factor of 703?
True
Does 23 divide 4784?
True
Does 24 divide 1704?
True
Is 2271 a multiple of 7?
False
Does 51 divide 15963?
True
Is 55110 a multiple of 165?
True
Is 990 a multiple of 2?
True
Is 83 a multiple of 10?
False
Is 1626 a multiple of 18?
False
Is 6191 a multiple of 76?
False
Does 132 divide 3036?
True
Is 5237 a multiple of 40?
False
Is 3 a factor of 29?
False
Is 184 a factor of 44160?
True
Is 7509 a multiple of 21?
False
Is 42 a factor of 14812?
False
Is 5512 a multiple of 42?
False
Does 39 divide 30638?
False
Is 420 a multiple of 5?
True
Does 19 divide 6325?
False
Is 33990 a multiple of 11?
True
Is 572 a multiple of 26?
True
Is 21573 a multiple of 153?
True
Is 14 a factor of 153?
False
Does 163 divide 12225?
True
Is 271 a factor of 21308?
False
Is 2553 a multiple of 68?
False
Does 23 divide 40714?
False
Does 2 divide 412?
True
Does 76 divide 27968?
True
Is 27 a factor of 27?
True
Does 12 divide 1887?
False
Is 8 a factor of 2010?
False
Is 140 a factor of 2577?
False
Does 68 divide 15905?
False
Does 16 divide 592?
True
Is 826 a multiple of 59?
True
Is 17 a factor of 174488?
True
Is 18672 a multiple of 6?
True
Does 133 divide 2854?
False
Does 183 divide 10980?
True
Is 22 a factor of 16645?
False
Is 256 a multiple of 3?
False
Does 97 divide 3783?
True
Is 6941 a multiple of 31?
False
Does 8 divide 17?
False
Is 56 a factor of 1904?
True
Is 846 a multiple of 4?
False
Does 19 divide 78?
False
Is 14 a factor of 825?
False
Is 9 a factor of 704?
False
Does 37 divide 19499?
True
Is 16877 a multiple of 33?
False
Is 111 a factor of 12906?
False
Is 119 a multiple of 7?
True
Is 3480 a multiple of 60?
True
Is 1419 a multiple of 11?
True
Does 11 divide 1542?
False
Is 1155 a multiple of 33?
True
Is 2 a factor of 149?
False
Is 71 a multiple of 3?
False
Does 3 divide 69?
True
Does 5 divide 3155?
True
Does 7 divide 227?
False
Is 9 a factor of 59?
False
Is 64 a factor of 192?
True
Is 219 a factor of 59787?
True
Is 1080 a multiple of 40?
True
Does 6 divide 10596?
True
Does 18 divide 46?
False
Does 44 divide 1716?
True
Does 119 divide 2131?
False
Does 6 divide 584?
False
Is 275 a multiple of 25?
True
Is 5 a factor of 1787?
False
Does 19 divide 3838?
True
Is 6 a factor of 432?
True
Does 18 divide 29996?
False
Does 237 divide 26781?
True
Is 1407 a multiple of 21?
True
Is 10865 a multiple of 4?
False
Is 16583 a multiple of 45?
False
Is 70 a factor of 156?
False
Does 116 divide 2214?
False
Is 20 a factor of 1333?
False
Is 150 a multiple of 30?
True
Is 136 even?
True
Is 13 a factor of 416?
True
Does 22 divide 216?
False
Is 56 a factor of 13160?
True
Is 188 a multiple of 2?
True
Is 25 a factor of 2350?
True
Does 54 divide 3176?
False
Does 40 divide 26871?
False
Is 26 a factor of 1690?
True
Does 10 divide 90?
True
Is 468 a multiple of 13?
True
Is 147927 a multiple of 63?
False
Is 149440 a multiple of 15?
False
Does 17 divide 697?
True
Is 18037 a multiple of 30?
False
Is 6 a factor of 178?
False
Is 1011 a multiple of 65?
False
Does 55 divide 1320?
True
Is 1679 a multiple of 85?
False
Is 2047 a multiple of 19?
False
Is 5796 a multiple of 25?
False
Does 78 divide 6708?
True
Is 58 a multiple of 42?
False
Is 1603 a multiple of 11?
False
Is 2489 a multiple of 112?
False
Is 13 a factor of 650?
True
Is 28676 a multiple of 107?
True
Is 13 a factor of 1987?
False
Is 94 a factor of 3196?
True
Is 26164 a multiple of 236?
False
Is 13 a factor of 1326?
True
Does 36 divide 7272?
True
Does 25 divide 8744?
False
Is 72 a factor of 550?
False
Is 62 a factor of 186?
True
Does 27 divide 703?
False
Is 138 a factor of 7920?
False
Is 629 a multiple of 37?
True
Is 578 a multiple of 17?
True
Is 1730 a multiple of 55?
False
Is 3 a factor of 254?
False
Is 32 a factor of 2880?
True
Is 154 a multiple of 29?
False
Is 9549 a multiple of 9?
True
Is 1587 a multiple of 69?
True
Is 351 a multiple of 13?
True
Is 57 a factor of 1083?
True
Is 13 a factor of 117?
True
Does 61 divide 7869?
True
Is 13 a factor of 11596?
True
Does 30 divide 587?
False
Is 3817 a multiple of 182?
False
Does 8 divide 264?
True
Does 10 divide 6236?
False
Is 16 a factor of 17200?
True
Is 157 a factor of 27031?
False
Does 112 divide 556?
False
Is 18 a factor of 2135?
False
Is 2460 a multiple of 30?
True
Is 204 a multiple of 44?
False
Is 86875 a multiple of 268?
False
Is 76369 a multiple of 340?
False
Does 26 divide 1860?
False
Is 154 a factor of 15267?
False
Is 12432 a multiple of 42?
True
Is 81 a factor of 1116?
False
Is 4350 a multiple of 30?
True
Is 3956 a multiple of 6?
False
Is 26875 a multiple of 125?
True
Is 69 a factor of 26153?
False
Is 29 a factor of 66104?
False
Is 513 a multiple of 14?
False
Is 2310 a multiple of 66?
True
Does 11 divide 37?
False
Is 102 a factor of 21581?
False
Is 239 a multiple of 17?
False
Is 1337 a multiple of 7?
True
Does 189 divide 21357?
True
Is 2 a factor of 812?
True
Is 9 a factor of 783?
True
Is 3051 a multiple of 82?
False
Is 7 a factor of 9807?
True
Is 523 a multiple of 33?
False
Is 21190 a multiple of 65?
True
Is 56 a factor of 4413?
False
Is 6 a factor of 616?
False
Is 36522 a multiple of 61?
False
Is 168 a factor of 60648?
True
Does 18 divide 72?
True
Is 2366 a multiple of 14?
True
Is 511 a multiple of 9?
False
Is 16 a factor of 2384?
True
Is 19 a factor of 325?
False
Is 58663 a multiple of 21?
False
Is 18683 a multiple of 115?
False
Is 153 a factor of 58599?
True
Is 8 a factor of 2576?
True
Does 3 divide 5229?
True
Does 19 divide 18905?
True
Is 2668 a multiple of 3?
False
Is 4 a factor of 135?
False
Does 3 divide 7849?
False
Is 9384 a multiple of 8?
True
Is 8 a factor of 464?
True
Is 13 a factor of 10219?
False
Is 1428 a multiple of 17?
True
Is 6 a factor of 480?
True
Is 5047 a multiple of 5?
False
Is 41 a factor of 298?
False
Does 7 divide 7915?
False
Is 109335 a multiple 